z(h).
-3
Let k = -40 - -48. Let c(a) = -a**2 - 7 + 5*a + 2*a + k - 7. Calculate c(4).
6
Let z(k) be the third derivative of k**5/60 + 5*k**4/24 + 7*k**3/6 - 10*k**2. Suppose -j = -3*d - 18, -24 = 4*d + 4*j - 6*j. Calculate z(d).
13
Let l(h) be the third derivative of h**5/15 - h**4/24 - h**3/2 - 339*h**2. What is l(3)?
30
Let o(v) be the second derivative of 5*v**3/6 + v**2/2 + 1115*v - 2. Suppose 0 = q - 4*f + 5, -5*q + 4*f - 25 = 0. Determine o(q).
-24
Let q(p) = -p**3 + 4*p**2 - p + 2. Let l(i) = -i + 9. Let n(x) = 2*x - 18. Let u(j) = 5*l(j) + 2*n(j). Suppose -16 = y - 21. Let o be u(y). Determine q(o).
-2
Let x be (-156)/(-21) + (-6)/14. Let r(w) = 0*w + 5*w**2 + 0 + x*w - 5*w + 1. Calculate r(-2).
17
Let t(r) = -10. Let d(i) = 2*i + 26. Let g(c) = -d(c) - 3*t(c). Suppose 4*n + 0*n = -z + 3, -3*z + 9 = 3*n. Suppose 12 = -n*x + 2*x. Calculate g(x).
-8
Let u(o) be the first derivative of o**4/4 + 4*o**3/3 + 3*o**2/2 + 9*o - 611. Give u(-4).
-3
Let j(c) = -2*c + 2. Suppose -5*f + 25 = -3*w, 27 = 2*f - 3*w + 8. Determine j(f).
-2
Let q(w) = -w**2 - 2*w + 28. Let b(p) = p**2 + 2*p - 29. Let r(n) = -2*b(n) - 3*q(n). Let v be r(-7). Let c(m) = m**3 - 9*m**2 + 2*m - 4. Determine c(v).
14
Let n(b) = b**2 - 21*b + 19. Let t(r) = 36*r - 304. Let x be t(9). Determine n(x).
-1
Let o(b) be the second derivative of -b**5/20 - 13*b**4/12 + 2*b**3 - 11*b**2 + 778*b. What is o(-14)?
6
Let p be (-1)/(-1) + (-32)/8. Let n be p*(-3)/(-9) + 3. Let c(a) = -6 - a**n - 6*a**3 + 17*a**3 - 5*a**3 - 5*a**3. Calculate c(0).
-6
Suppose -3*y = -4 + 13, 0 = -5*c - 5*y. Let d = c + -3. Let g(t) = -3 - 5 + 0 - t + d*t. Determine g(-4).
-4
Let l(q) = -q**2 + 7*q. Let w = -387 - -240. Let d be (8/(-7))/(21/w). Determine l(d).
-8
Let u = 4 - 8. Let l(f) = -7*f**3 - 12*f**2 - 10*f - 1. Let b(n) = 11*n**3 + 18*n**2 + 15*n + 2. Let w(p) = -5*b(p) - 8*l(p). Determine w(u).
10
Let n(t) = -42*t**3 - 3*t**2 + 20*t**3 + 20*t**3 + 4*t - 2. Give n(2).
-22
Let v(x) = 5*x**2 - 25*x + 39. Let w(i) = -4*i**2 + 24*i - 41. Let l(f) = -5*v(f) - 6*w(f). What is l(-22)?
-15
Let l(q) = 41*q**2 - 13*q - 3. Let r(p) = 35*p**2 - 12*p - 4. Let h(x) = -6*l(x) + 7*r(x). Determine h(-5).
-5
Let g(s) = -1 - 42*s + 88*s - 47*s. Calculate g(6).
-7
Let g(w) = 4*w - 5*w + 2*w. Let b be (483/(-644))/(9/(-120) + 0). Give g(b).
10
Let o(t) = -t**2 - 8*t - 3. Let j be o(-7). Let w(s) = -3*s - s**3 + 2 + 5*s + 1 - j*s**2. Suppose 5*k + 12 = k. Determine w(k).
-12
Let b(h) be the first derivative of h**4/4 - 3*h**3 + 5*h**2 - 10*h - 184. Determine b(8).
6
Let j(f) = f**2 + 6*f + 1. Suppose -20 = -0*m - 5*m. Let p be m*2/(-4) + 4. Let o be (3 + p - -2)/(-1). Give j(o).
8
Let y(u) = -5*u**2 - 4*u + 4. Let s(l) = -6*l**2 + 3*l + 3. Let a(p) = 2*s(p) - 3*y(p). Give a(-6).
-6
Let j(k) = 13*k + 1. Let c(m) = m**2 - 7*m - 4. Let s be c(8). Let o be (-1 + s)/((-6)/4). Let u be o/4 + (-3)/(-2). Calculate j(u).
14
Suppose -2*q + 5*l = -4*q + 19, -2*l + 22 = -4*q. Let p be 1 - q/6*-8. Let t(m) = 2*m + 66 - m + 0*m - 67. Give t(p).
-4
Let z(w) = 3*w**2 + 6*w - 7. Let d(i) = 2*i**2 + 6*i - 7. Let f(q) = 4*d(q) - 3*z(q). Let m = 1 + -1. Let u be (-7 - -13)*(m - -1). What is f(u)?
-7
Let h(t) = -t**3 - 14*t**2 + t + 26. Let s be h(-14). Let z(k) = -k**2 + 12*k + 15. What is z(s)?
15
Let y(r) = -2900 + 5797 + 3*r**3 + r - 2*r**3 + r**2 - 2896. Let z be (0/2)/(7 - 8). Give y(z).
1
Let a(g) = g + 2. Suppose 3*m + 4*o = -0*o + 109, m = -4*o + 23. Suppose 0*y + 2*y - 4*i = 62, -4*i + m = y. Let l = y + -41. Give a(l).
-4
Let f(c) be the first derivative of 1/3*c**3 + c - 33 + 11/2*c**4 - 1/2*c**2. Give f(1).
23
Let r be ((-20)/140)/((-2)/7). Let d(t) be the second derivative of r*t**2 - 1/12*t**4 + 0*t**3 + 0 + 4*t. Determine d(-1).
0
Suppose 4*d - 15 - 14 = -5*h, 4*d = 3*h - 11. Let c(n) = -18 - 5*n + n + 5*n + h. Give c(7).
-6
Let n(w) be the second derivative of 5*w**3/6 + 45*w**2/2 - 22*w - 11. Give n(-8).
5
Suppose 7*n - 3*l + 7 = 2*n, 3*n + 1 = l. Let g(h) = h + h**2 + h**3 + 0*h**2 + 0*h**2 - 1. Determine g(n).
2
Let i = 55 - 103. Let r = -47 - i. Let t(f) = -10*f - 1. What is t(r)?
-11
Suppose 5*s = -0*s. Suppose -5*w + 3*t + 41 = s, 5*w + 4*t = -0*t + 27. Suppose 3*r = 2*r + w. Let o(f) = f**2 - 9*f + 1. Determine o(r).
-13
Let b = 294 + -293. Let y(c) = -15*c**3 - c + 1. Determine y(b).
-15
Let y be (1*4)/(16/24). Suppose 0 = -2*i - y, 0*a + 3*i + 34 = -5*a. Let b(f) = 3*f + 4. Calculate b(a).
-11
Let n(c) = 359 - 175 - 190 - 3*c. Give n(-3).
3
Let b(u) = 2*u**3 + 56*u**2 + 3*u + 88. Let t be b(-28). Let x(d) = 3*d - 13. Give x(t).
-1
Let w(c) = -2*c - 12. Suppose 3*l + 3*b + 12 = 0, 2*l + 1 = -b - 7. Determine w(l).
-4
Suppose -24 = -3*n - 5*n. Let a(z) = -z. What is a(n)?
-3
Let q(h) = -8*h + 14. Let s be q(3). Let i(p) = p**3 + 9*p**2 - 11*p - 6. Determine i(s).
4
Let z(b) be the second derivative of b**3 + 0 - 3/2*b**2 + 7*b. Let d(v) = -v + 4. Let j be d(2). Determine z(j).
9
Let r(u) = -10*u - 6. Let s(l) = 8*l + 7. Let y(g) = 5*r(g) + 6*s(g). Calculate y(9).
-6
Let u(p) be the third derivative of p**7/2520 + p**6/360 - 11*p**5/60 + 2*p**2 + 12. Let f(l) be the third derivative of u(l). What is f(-3)?
-4
Let y(o) = o**3 - 8*o**2 + 12*o + 6. Let b be y(6). Let d(g) = g - 8. What is d(b)?
-2
Let o = -1 + -3. Let k = 2 + o. Let u = -2 - k. Let b(x) = -x**3 + x**2 + 3. Give b(u).
3
Let z(j) = -j**3 - 5*j**2 - 2*j + 5. Let h be z(-3). Let k(g) = 5*g - 2. What is k(h)?
-37
Let u(f) be the first derivative of -f**6/120 + 7*f**5/60 - 7*f**4/24 + 2*f**3/3 - 7*f**2/2 + 16. Let t(r) be the second derivative of u(r). Give t(6).
-2
Let s = 53 + -13. Let f be (-12)/(-5) + (-16)/s. Let q(u) be the second derivative of -u**4/12 - u**3/6 - u**2 + 2*u. What is q(f)?
-8
Suppose -5*r + 10 = -5. Let k(u) = 4*u + 3 - r*u + 0. Let i(x) = 8*x**3 + 58*x**2 + 10*x - 31. Let f be i(-7). Give k(f).
0
Let v(t) be the second derivative of -7*t**4/3 - t**3/3 + t**2/2 - 83*t. Calculate v(1).
-29
Let b(m) be the first derivative of -m**2/2 + 3*m - 158. Give b(0).
3
Let h(b) = b**2 - 6*b - 12. Let q be h(-4). Let t = q - 33. Let d(r) = r + 6. Calculate d(t).
1
Suppose 5*r - 193 = 4*v, -5*r = 2*v - 3*r + 110. Let a = -61 - v. Let s(y) = y + 7. Determine s(a).
-2
Let u be 1*2/(-2 + 3). Let l(i) = i**2 + 24 - 12 - 14. Calculate l(u).
2
Let g(c) = -c**3 - 4*c**2 - 3*c + 4. Let s(o) = 1. Let u(v) = v - 3. Let j(n) = -3*s(n) + u(n). Let z be j(9). Let y be z/(-5) + (-72)/30. Determine g(y).
4
Let p(h) be the third derivative of -5/6*h**3 + 0*h + 2*h**2 + 1/120*h**6 + 1/10*h**5 - 1/24*h**4 + 0. Give p(-6).
1
Let l(v) = 4*v**2 - 5*v + 1. Let u(w) = -9*w**2 + 11*w - 2. Let r(k) = k**3 - 8*k**2 + 8*k - 14. Let c be r(7). Let x(i) = c*l(i) - 3*u(i). Calculate x(3).
-4
Let v(o) be the second derivative of -o**4/12 + o**3/2 - o**2/2 - 4*o - 6. What is v(0)?
-1
Let y(a) be the first derivative of -1/3*a**3 - 4*a**2 + 1 - 6*a. What is y(-6)?
6
Let h(u) = u**2 - 5*u - 6. Let x be h(5). Let j(k) = -5*k**3 - 14*k**2 - k - 1. Let c(s) = 4*s**3 + 13*s**2 + s + 1. Let p(r) = x*c(r) - 5*j(r). Give p(8).
-9
Let s be (-70)/(-20)*-2 - (-1 - -1). Let m(n) = -n**2 - 7*n - 3. Give m(s).
-3
Suppose 3*y = 5*z + 32, -5*z - 5 = -0*z. Let u(d) = y*d - 7*d + 4 + 0. Let s = 1 + -4. Calculate u(s).
-2
Let g(q) = -5*q. Let f(h) = 5*h - 2. Let y(o) = 3*f(o) + 4*g(o). Determine y(-4).
14
Let n(a) = a + 3. Suppose 2*h = 5*b - 20, -3*h - 5*b = -5 - 15. Let l be 2*(h + 12/(-8)). What is n(l)?
0
Let z be (2/(8/(-6)))/(11 + (-3171)/294). Let j(n) = 3 + n + 2 + 10. What is j(z)?
8
Let q(z) = 15*z + 1. Let s(u) = -4*u - 1. Let o(h) = -q(h) - 4*s(h). Determine o(5).
8
Let k(v) = -v**2 + 10*v - 6. Suppose -9*c + 84 = 3*c. What is k(c)?
15
Let h(c) = -c**3 + 3*c**2 - c - 3. Let l(y) = y**3 + 9*y**2 + 15*y + 10. Let w(b) = b**2 + 12*b + 20. Let i be w(-9). Let p be l(i). What is h(p)?
-6
Let r be (1 - (-2 - 1))*(-5)/2. Let w(p) = p**2 + 8*p - 9. Give w(r).
11
Let b be 52/14 - 16/(-56). Suppose 0 = -0*o - b*o. Let f(v) = v**2 + 3*v + 9. Let u(w) = w + 1. Let n(d) = f(d) - 3*u(d). Determine n(o).
6
Let l = 23 + -14. Let u = l + -11. Let z(y) be the second derivative of 2*y**3/3 + y**2/2 - 2*y. Give z(u).
-7
Let d(y) = -y**3 - 7*y**2 - 7*y + 1. Suppose b + 36 = -5*b. What is d(b)?
7
Suppose 4*t =